
What are the prime factors of 66822?
2, 3, 7, 37, 43
List the prime factors of 50225.
5, 7, 41
List the prime factors of 106044.
2, 3, 8837
What are the prime factors of 1708?
2, 7, 61
What are the prime factors of 18705?
3, 5, 29, 43
What are the prime factors of 11671?
11, 1061
List the prime factors of 1993.
1993
What are the prime factors of 15077?
15077
What are the prime factors of 820?
2, 5, 41
What are the prime factors of 31634?
2, 15817
What are the prime factors of 1670?
2, 5, 167
List the prime factors of 2046.
2, 3, 11, 31
What are the prime factors of 1245?
3, 5, 83
What are the prime factors of 905?
5, 181
List the prime factors of 18978.
2, 3, 3163
What are the prime factors of 44967?
3, 13, 1153
List the prime factors of 5.
5
List the prime factors of 150.
2, 3, 5
What are the prime factors of 170510?
2, 5, 17, 59
List the prime factors of 2500.
2, 5
What are the prime factors of 818?
2, 409
List the prime factors of 527.
17, 31
What are the prime factors of 24834?
2, 3, 4139
What are the prime factors of 63523?
139, 457
What are the prime factors of 2609?
2609
What are the prime factors of 1482?
2, 3, 13, 19
List the prime factors of 15224.
2, 11, 173
List the prime factors of 3889.
3889
List the prime factors of 228.
2, 3, 19
List the prime factors of 114587.
11, 947
What are the prime factors of 4961?
11, 41
What are the prime factors of 982?
2, 491
List the prime factors of 2108.
2, 17, 31
What are the prime factors of 4726?
2, 17, 139
What are the prime factors of 7596?
2, 3, 211
What are the prime factors of 1553?
1553
What are the prime factors of 34?
2, 17
What are the prime factors of 925?
5, 37
List the prime factors of 1074.
2, 3, 179
What are the prime factors of 9427?
11, 857
What are the prime factors of 13628?
2, 3407
List the prime factors of 20399.
20399
What are the prime factors of 11490?
2, 3, 5, 383
List the prime factors of 1019.
1019
List the prime factors of 7670.
2, 5, 13, 59
What are the prime factors of 70830?
2, 3, 5, 787
What are the prime factors of 9772?
2, 7, 349
List the prime factors of 38440.
2, 5, 31
What are the prime factors of 55886?
2, 27943
What are the prime factors of 58283?
167, 349
List the prime factors of 172.
2, 43
List the prime factors of 1015.
5, 7, 29
List the prime factors of 10378.
2, 5189
List the prime factors of 491.
491
List the prime factors of 5850.
2, 3, 5, 13
List the prime factors of 5624.
2, 19, 37
List the prime factors of 1324.
2, 331
What are the prime factors of 12971?
7, 17, 109
What are the prime factors of 107223?
3, 103, 347
List the prime factors of 11263.
7, 1609
List the prime factors of 10411.
29, 359
What are the prime factors of 1026?
2, 3, 19
List the prime factors of 7511.
7, 29, 37
What are the prime factors of 983?
983
List the prime factors of 22851.
3, 2539
What are the prime factors of 1515?
3, 5, 101
What are the prime factors of 56506?
2, 19, 1487
List the prime factors of 1102.
2, 19, 29
List the prime factors of 4006.
2, 2003
What are the prime factors of 2188?
2, 547
What are the prime factors of 3772?
2, 23, 41
List the prime factors of 110280.
2, 3, 5, 919
What are the prime factors of 78128?
2, 19, 257
List the prime factors of 68346.
2, 3, 3797
What are the prime factors of 89907?
3, 23, 1303
What are the prime factors of 11205?
3, 5, 83
List the prime factors of 3853.
3853
What are the prime factors of 19133?
19, 53
List the prime factors of 15986.
2, 7993
List the prime factors of 636.
2, 3, 53
List the prime factors of 10210.
2, 5, 1021
What are the prime factors of 2932?
2, 733
List the prime factors of 24064.
2, 47
What are the prime factors of 10984?
2, 1373
What are the prime factors of 39187?
149, 263
List the prime factors of 34539.
3, 29, 397
What are the prime factors of 23?
23
List the prime factors of 2523.
3, 29
List the prime factors of 191335.
5, 17, 2251
What are the prime factors of 5234?
2, 2617
What are the prime factors of 627?
3, 11, 19
What are the prime factors of 3240?
2, 3, 5
List the prime factors of 16197.
3, 5399
List the prime factors of 67686.
2, 3, 29, 389
What are the prime factors of 14605?
5, 23, 127
What are the prime factors of 38219?
38219
List the prime factors of 6271.
6271
List the prime factors of 26981.
26981
List the prime factors of 1204.
2, 7, 43
What are the prime factors of 5383?
7, 769
What are the prime factors of 1121?
19, 59
List the prime factors of 683.
683
List the prime factors of 95862.
2, 3, 13, 1229
List the prime factors of 16871.
16871
What are the prime factors of 3893?
17, 229
List the prime factors of 1472.
2, 23
What are the prime factors of 81092?
2, 11, 19, 97
List the prime factors of 3732.
2, 3, 311
What are the prime factors of 452?
2, 113
List the prime factors of 57780.
2, 3, 5, 107
List the prime factors of 37884.
2, 3, 7, 11, 41
What are the prime factors of 1394?
2, 17, 41
What are the prime factors of 1087?
1087
What are the prime factors of 6772?
2, 1693
What are the prime factors of 13687?
13687
What are the prime factors of 7717?
7717
What are the prime factors of 3982?
2, 11, 181
List the prime factors of 31745.
5, 7, 907
What are the prime factors of 1047?
3, 349
What are the prime factors of 4544?
2, 71
What are the prime factors of 5050?
2, 5, 101
What are the prime factors of 11158?
2, 7, 797
What are the prime factors of 653?
653
What are the prime factors of 370?
2, 5, 37
List the prime factors of 832.
2, 13
List the prime factors of 150845.
5, 30169
What are the prime factors of 340?
2, 5, 17
What are the prime factors of 48?
2, 3
What are the prime factors of 122398?
2, 19, 3221
What are the prime factors of 31406?
2, 41, 383
What are the prime factors of 1086?
2, 3, 181
List the prime factors of 1038.
2, 3, 173
What are the prime factors of 58804?
2, 61, 241
List the prime factors of 14467.
17, 23, 37
What are the prime factors of 2303?
7, 47
List the prime factors of 5938.
2, 2969
What are the prime factors of 3389?
3389
What are the prime factors of 51051?
3, 7, 11, 13, 17
List the prime factors of 6537.
3, 2179
What are the prime factors of 2623?
43, 61
What are the prime factors of 1217?
1217
List the prime factors of 23500.
2, 5, 47
List the prime factors of 31.
31
List the prime factors of 3307.
3307
What are the prime factors of 46430?
2, 5, 4643
What are the prime factors of 1360?
2, 5, 17
What are the prime factors of 66482?
2, 13, 2557
List the prime factors of 1694.
2, 7, 11
What are the prime factors of 62589?
3, 31, 673
List the prime factors of 87155.
5, 17431
What are the prime factors of 3430?
2, 5, 7
What are the prime factors of 9295?
5, 11, 13
What are the prime factors of 32528?
2, 19, 107
What are the prime factors of 1905?
3, 5, 127
List the prime factors of 610.
2, 5, 61
List the prime factors of 2793.
3, 7, 19
List the prime factors of 8457.
3, 2819
List the prime factors of 704.
2, 11
What are the prime factors of 77688?
2, 3, 13, 83
What are the prime factors of 18551?
13, 1427
What are the prime factors of 8281?
7, 13
List the prime factors of 17305.
5, 3461
List the prime factors of 40193.
40193
List the prime factors of 6879.
3, 2293
What are the prime factors of 2598?
2, 3, 433
What are the prime factors of 26479?
26479
List the prime factors of 3423.
3, 7, 163
What are the prime factors of 37952?
2, 593
List the prime factors of 513.
3, 19
What are the prime factors of 36816?
2, 3, 13, 59
List the prime factors of 27.
3
What are the prime factors of 15893?
23, 691
List the prime factors of 29898.
2, 3, 11, 151
List the prime factors of 2636.
2, 659
List the prime factors of 209.
11, 19
List the prime factors of 7373.
73, 101
List the prime factors of 106373.
106373
List the prime factors of 7921.
89
What are the prime factors of 24?
2, 3
What are the prime factors of 9505?
5, 1901
List the prime factors of 21870.
2, 3, 5
List the prime factors of 6240.
2, 3, 5, 13
List the prime factors of 407.
11, 37
What are the prime factors of 15600?
2, 3, 5, 13
List the prime factors of 28531.
103, 277
List the prime factors of 16555.
5, 7, 11, 43
What are the prime factors of 8000?
2, 5
List the prime factors of 1767.
3, 19, 31
List the prime factors of 18848.
2, 19, 31
What are the prime factors of 9276?
2, 3, 773
List t